{"id":12,"date":"2022-01-26T16:02:38","date_gmt":"2022-01-26T16:02:38","guid":{"rendered":"https:\/\/www.isp.edu.pl\/?page_id=12"},"modified":"2025-05-24T15:44:02","modified_gmt":"2025-05-24T15:44:02","slug":"strona-glowna","status":"publish","type":"page","link":"https:\/\/www.isp.edu.pl\/","title":{"rendered":"Strona g\u0142\u00f3wna"},"content":{"rendered":"\n<h2 class=\"wp-block-heading\" id=\"o-nas\"><\/h2>\n\n\n\n<div class=\"wp-block-cover alignfull is-light hestia-clear-top-padding\"><span aria-hidden=\"true\" class=\"wp-block-cover__background has-background-dim-100 has-background-dim\" style=\"background-color:#e6f7ff\"><\/span><div class=\"wp-block-cover__inner-container is-layout-flow wp-block-cover-is-layout-flow\">\n<div style=\"height:40px\" aria-hidden=\"true\" class=\"wp-block-spacer\"><\/div>\n\n\n\n<div class=\"wp-block-columns container is-layout-flex wp-container-core-columns-is-layout-28f84493 wp-block-columns-is-layout-flex\">\n<div class=\"wp-block-column is-layout-flow wp-block-column-is-layout-flow\">\n<figure class=\"wp-block-image size-full\"><a href=\"https:\/\/www.isp.edu.pl\/index.php\/darmowe-testy\/\"><img loading=\"lazy\" decoding=\"async\" width=\"300\" height=\"200\" src=\"https:\/\/www.isp.edu.pl\/wp-content\/uploads\/2022\/09\/isp23.jpg\" alt=\"\" class=\"wp-image-119\"\/><\/a><\/figure>\n\n\n\n<h5 class=\"wp-block-heading has-text-align-center has-text-color\" id=\"studia-podyplomowe\" style=\"color:#4d0808;font-size:25px\">Testy  wyboru : Kierunku Nauki<\/h5>\n\n\n\n<p class=\"has-text-align-center\">Gdy nie wiesz czy to dla Ciebie?<\/p>\n\n\n\n<p class=\"has-text-align-center\">Gdy wahasz si\u0119 pomi\u0119dzy?<\/p>\n\n\n\n<p class=\"has-text-align-center\">Gdy si\u0119 chcesz upewni\u0107.<\/p>\n\n\n\n<div style=\"height:25px\" aria-hidden=\"true\" class=\"wp-block-spacer\"><\/div>\n<\/div>\n\n\n\n<div class=\"wp-block-column is-layout-flow wp-block-column-is-layout-flow\">\n<figure class=\"wp-block-image size-full\"><a href=\"https:\/\/www.isp.edu.pl\/index.php\/darmowe-testy\/\"><img loading=\"lazy\" decoding=\"async\" width=\"300\" height=\"200\" src=\"https:\/\/www.isp.edu.pl\/wp-content\/uploads\/2022\/09\/isp24.jpg\" alt=\"\" class=\"wp-image-120\"\/><\/a><\/figure>\n\n\n\n<h5 class=\"wp-block-heading has-text-align-center has-text-color\" id=\"studia-magisterskie\" style=\"color:#4d0808;font-size:25px\">Testy  wyboru : Kariery Zawodowej<\/h5>\n\n\n\n<p class=\"has-text-align-center\">Czy chcesz wyprzedzi\u0107 innych?<\/p>\n\n\n\n<p class=\"has-text-align-center\">Potrzebujesz konkret\u00f3w?<\/p>\n\n\n\n<p class=\"has-text-align-center\">Lubisz by\u0107 przygotowany.<\/p>\n\n\n\n<div style=\"height:25px\" aria-hidden=\"true\" class=\"wp-block-spacer\"><\/div>\n<\/div>\n\n\n\n<div class=\"wp-block-column is-layout-flow wp-block-column-is-layout-flow\">\n<figure class=\"wp-block-image size-full\"><a href=\"https:\/\/www.isp.edu.pl\/index.php\/darmowe-testy\/\"><img loading=\"lazy\" decoding=\"async\" width=\"300\" height=\"200\" src=\"https:\/\/www.isp.edu.pl\/wp-content\/uploads\/2022\/09\/isp22.jpg\" alt=\"\" class=\"wp-image-118\"\/><\/a><\/figure>\n\n\n\n<h5 class=\"wp-block-heading has-text-align-center has-text-color\" id=\"studia-licencjackie\" style=\"color:#4d0808;font-size:25px\">Zestaw EKSPERT kurs oraz formularze<\/h5>\n\n\n\n<p class=\"has-text-align-center\">Czy chcesz zaoszcz\u0119dzi\u0107 czas?<\/p>\n\n\n\n<p class=\"has-text-align-center\">Gdy pragniesz efekt\u00f3w?<\/p>\n\n\n\n<p class=\"has-text-align-center\">Nie lubisz przypadk\u00f3w.<\/p>\n\n\n\n<div style=\"height:25px\" aria-hidden=\"true\" class=\"wp-block-spacer\"><\/div>\n<\/div>\n<\/div>\n\n\n\n<div style=\"height:40px\" aria-hidden=\"true\" class=\"wp-block-spacer\"><\/div>\n<\/div><\/div>\n\n\n\n<div class=\"wp-block-cover alignfull is-light hestia-clear-top-padding\"><span aria-hidden=\"true\" class=\"wp-block-cover__background has-background-dim-100 has-background-dim\" style=\"background-color:#e6f7ff\"><\/span><div class=\"wp-block-cover__inner-container is-layout-flow wp-block-cover-is-layout-flow\">\n<div style=\"height:40px\" aria-hidden=\"true\" class=\"wp-block-spacer\"><\/div>\n\n\n\n<div class=\"wp-block-columns container is-layout-flex wp-container-core-columns-is-layout-28f84493 wp-block-columns-is-layout-flex\">\n<div class=\"wp-block-column is-layout-flow wp-block-column-is-layout-flow\">\n<figure class=\"wp-block-image size-full\"><a href=\"https:\/\/www.zabawki.edu.pl\/index.php\/darmowe-testy\/\"><img loading=\"lazy\" decoding=\"async\" width=\"591\" height=\"401\" src=\"https:\/\/www.isp.edu.pl\/wp-content\/uploads\/2025\/05\/111.png\" alt=\"\" class=\"wp-image-2064\" srcset=\"https:\/\/www.isp.edu.pl\/wp-content\/uploads\/2025\/05\/111.png 591w, https:\/\/www.isp.edu.pl\/wp-content\/uploads\/2025\/05\/111-300x204.png 300w\" sizes=\"auto, (max-width: 591px) 100vw, 591px\" \/><\/a><\/figure>\n\n\n\n<h5 class=\"wp-block-heading has-text-align-center has-text-color\" id=\"studia-podyplomowe\" style=\"color:#4d0808;font-size:25px\">Jak rozpozna\u0107 uzdolnione dzieci ?<\/h5>\n\n\n\n<div style=\"height:25px\" aria-hidden=\"true\" class=\"wp-block-spacer\"><\/div>\n<\/div>\n\n\n\n<div class=\"wp-block-column is-layout-flow wp-block-column-is-layout-flow\">\n<figure class=\"wp-block-image size-full\"><a href=\"https:\/\/www.prezentu.pl\/index.php\/darmowe-testy\/\"><img loading=\"lazy\" decoding=\"async\" width=\"640\" height=\"427\" src=\"https:\/\/www.isp.edu.pl\/wp-content\/uploads\/2025\/05\/ooo.jpg\" alt=\"\" class=\"wp-image-2062\" srcset=\"https:\/\/www.isp.edu.pl\/wp-content\/uploads\/2025\/05\/ooo.jpg 640w, https:\/\/www.isp.edu.pl\/wp-content\/uploads\/2025\/05\/ooo-300x200.jpg 300w, https:\/\/www.isp.edu.pl\/wp-content\/uploads\/2025\/05\/ooo-360x240.jpg 360w\" sizes=\"auto, (max-width: 640px) 100vw, 640px\" \/><\/a><\/figure>\n\n\n\n<h5 class=\"wp-block-heading has-text-align-center has-text-color\" id=\"studia-magisterskie\" style=\"color:#4d0808;font-size:25px\">Zauroczenie czy mi\u0142o\u015b\u0107? &#8211; sprawd\u017a .<\/h5>\n\n\n\n<div style=\"height:25px\" aria-hidden=\"true\" class=\"wp-block-spacer\"><\/div>\n<\/div>\n\n\n\n<div class=\"wp-block-column is-layout-flow wp-block-column-is-layout-flow\">\n<figure class=\"wp-block-image size-full\"><a href=\"https:\/\/www.isp.edu.pl\/index.php\/darmowe-testy\/\"><img loading=\"lazy\" decoding=\"async\" width=\"640\" height=\"412\" src=\"https:\/\/www.isp.edu.pl\/wp-content\/uploads\/2025\/05\/kier-edu.jpg\" alt=\"\" class=\"wp-image-1880\" srcset=\"https:\/\/www.isp.edu.pl\/wp-content\/uploads\/2025\/05\/kier-edu.jpg 640w, https:\/\/www.isp.edu.pl\/wp-content\/uploads\/2025\/05\/kier-edu-300x193.jpg 300w\" sizes=\"auto, (max-width: 640px) 100vw, 640px\" \/><\/a><\/figure>\n\n\n\n<h5 class=\"wp-block-heading has-text-align-center has-text-color\" id=\"studia-licencjackie\" style=\"color:#4d0808;font-size:25px\">Osobowo\u015b\u0107 a droga edukacji .<\/h5>\n\n\n\n<div style=\"height:25px\" aria-hidden=\"true\" class=\"wp-block-spacer\"><\/div>\n<\/div>\n<\/div>\n\n\n\n<div style=\"height:40px\" aria-hidden=\"true\" class=\"wp-block-spacer\"><\/div>\n<\/div><\/div>\n\n\n\n<div class=\"wp-block-columns container is-layout-flex wp-container-core-columns-is-layout-28f84493 wp-block-columns-is-layout-flex\">\n<div class=\"wp-block-column col-md-5 is-layout-flow wp-block-column-is-layout-flow\">\n<div style=\"height:55px\" aria-hidden=\"true\" class=\"wp-block-spacer\"><\/div>\n\n\n\n<h2 class=\"wp-block-heading\" id=\"o-nas\"><strong>&#8230;&#8230;&#8230;. Czy jeste\u015b gotowy ?<\/strong>    ZR\u00d3B DARMOWY TEST      <strong>Kliknij w obrazek &#8230;..<\/strong><\/h2>\n\n\n\n<p>.<\/p>\n\n\n\n<p><\/p>\n\n\n\n<p><\/p>\n\n\n\n<p>.<\/p>\n\n\n\n<h2 class=\"wp-block-heading\" id=\"o-nas\">O Nas&#8230;.<\/h2>\n\n\n\n<p>Pomagamy ludziom w odpowiednim wyborze drogi edukacyjnej poprzez weryfikacyjne testy, poradniki i kursy . <\/p>\n\n\n\n<p>Droga do zdobycia umiej\u0119tno\u015bci kt\u00f3re odpowiadaj\u0105 Naszym naturalnym zdolno\u015bciom, to najlepsze po\u0142\u0105czenie do osi\u0105gni\u0119cia sukcesu zawodowego. <\/p>\n\n\n\n<p>Dzi\u0119ki takiemu przygotowaniu mo\u017cemy unikn\u0105\u0107 straty czasu, energii i pieni\u0119dzy na nauk\u0119 kt\u00f3ra nie przyniesie Nam w przysz\u0142o\u015bci zamierzonych rezultat\u00f3w.<\/p>\n\n\n\n<p>Wyniki test\u00f3w s\u0105 generowane na rozbudowanych systemach wspieranych przez AI, co daje doskona\u0142\u0105 dok\u0142adno\u015b\u0107 w analizie odpowiedzi .<\/p>\n\n\n\n<p>Wsp\u00f3\u0142pracujemy z Uczelniami oraz O\u015brodkami Kszta\u0142cenia Zawodowego , aby ci\u0105gle ulepsza\u0107 Nasze produkty.<\/p>\n<\/div>\n\n\n\n<div class=\"wp-block-column col-md-6 col-md-offset1 is-layout-flow wp-block-column-is-layout-flow\">\n<div style=\"height:55px\" aria-hidden=\"true\" class=\"wp-block-spacer\"><\/div>\n\n\n\n<figure class=\"wp-block-image size-full\"><a href=\"https:\/\/www.isp.edu.pl\/index.php\/darmowe-testy\/\"><img loading=\"lazy\" decoding=\"async\" width=\"300\" height=\"300\" src=\"https:\/\/www.isp.edu.pl\/wp-content\/uploads\/2025\/04\/test-przycisk.png\" alt=\"\" class=\"wp-image-1452\" srcset=\"https:\/\/www.isp.edu.pl\/wp-content\/uploads\/2025\/04\/test-przycisk.png 300w, https:\/\/www.isp.edu.pl\/wp-content\/uploads\/2025\/04\/test-przycisk-150x150.png 150w\" sizes=\"auto, (max-width: 300px) 100vw, 300px\" \/><\/a><\/figure>\n<\/div>\n<\/div>\n","protected":false},"excerpt":{"rendered":"<p>&#8230;&#8230;&#8230;. Czy jeste\u015b gotowy ? ZR\u00d3B DARMOWY TEST Kliknij w obrazek &#8230;.. . . O Nas&#8230;. Pomagamy ludziom w odpowiednim wyborze drogi edukacyjnej poprzez weryfikacyjne testy, poradniki i kursy . Droga do zdobycia umiej\u0119tno\u015bci kt\u00f3re odpowiadaj\u0105 Naszym naturalnym zdolno\u015bciom, to najlepsze po\u0142\u0105czenie do osi\u0105gni\u0119cia sukcesu zawodowego. Dzi\u0119ki takiemu przygotowaniu mo\u017cemy [&hellip;]<\/p>\n","protected":false},"author":1,"featured_media":49,"parent":0,"menu_order":0,"comment_status":"closed","ping_status":"closed","template":"","meta":{"footnotes":""},"class_list":["post-12","page","type-page","status-publish","has-post-thumbnail","hentry"],"_links":{"self":[{"href":"https:\/\/www.isp.edu.pl\/index.php\/wp-json\/wp\/v2\/pages\/12","targetHints":{"allow":["GET"]}}],"collection":[{"href":"https:\/\/www.isp.edu.pl\/index.php\/wp-json\/wp\/v2\/pages"}],"about":[{"href":"https:\/\/www.isp.edu.pl\/index.php\/wp-json\/wp\/v2\/types\/page"}],"author":[{"embeddable":true,"href":"https:\/\/www.isp.edu.pl\/index.php\/wp-json\/wp\/v2\/users\/1"}],"replies":[{"embeddable":true,"href":"https:\/\/www.isp.edu.pl\/index.php\/wp-json\/wp\/v2\/comments?post=12"}],"version-history":[{"count":34,"href":"https:\/\/www.isp.edu.pl\/index.php\/wp-json\/wp\/v2\/pages\/12\/revisions"}],"predecessor-version":[{"id":2065,"href":"https:\/\/www.isp.edu.pl\/index.php\/wp-json\/wp\/v2\/pages\/12\/revisions\/2065"}],"wp:featuredmedia":[{"embeddable":true,"href":"https:\/\/www.isp.edu.pl\/index.php\/wp-json\/wp\/v2\/media\/49"}],"wp:attachment":[{"href":"https:\/\/www.isp.edu.pl\/index.php\/wp-json\/wp\/v2\/media?parent=12"}],"curies":[{"name":"wp","href":"https:\/\/api.w.org\/{rel}","templated":true}]}}